 2). Let v = -5 - -3. What is the units digit of l - ((-1 - v) + 0)?
2
What is the thousands digit of (-1 - 0)/(-5) - (-2785458)/2010?
1
Suppose -16*m + 21784 - 13990 = -17038. What is the hundreds digit of m?
5
Let k be ((-30)/(-12))/5*0. Suppose 10*j - 862 - 3828 = k. What is the tens digit of j?
6
Let y(r) be the third derivative of -r**5/60 - 5*r**4/12 - 14*r**2. Suppose 0 = 2*h - 4*o - 8, -2*h = -h + 4*o + 26. What is the units digit of y(h)?
4
Let n be -3 - (-5 + 1 + (-2 - -5)). What is the hundreds digit of ((-788)/(-16))/((-1)/16*n)?
3
Let m(v) = 8*v**2 - 7*v - 8. Let g be m(-4). Suppose -3*j = -5*t + 348, 30 = -t + j + 100. Let h = t + g. What is the units digit of h?
7
Let f = -2378 + 4015. What is the hundreds digit of f?
6
Let n(d) = -10*d**3 + 47*d**2 + 445*d - 11. What is the hundreds digit of n(-17)?
1
Suppose 5*m = 2*n + 6*m - 57365, -4*m + 172100 = 6*n. What is the ten thousands digit of n?
2
Suppose b = 3*x + 4828, 4831 = -3*x - 0*x + 4*b. Let s = -1086 - x. What is the units digit of s?
3
Suppose 0*g = 5*g + 4*r - 18, r - 2 = 0. Let h = 18 + -16. Suppose h*z - 5*d = 151, g*z - 106 = -4*d - 0*d. What is the units digit of z?
3
Suppose 8*b = 2*b. Suppose b = -8*o + 2*o. Suppose o = 95*x - 93*x - 180. What is the units digit of x?
0
Suppose 4*c + 12 = -2*n, 12 = -2*n - 5*c - 4. Suppose -4 = 2*i - n. What is the units digit of (-2 + i - -5) + 49?
1
Let p = 16915 - -4482. What is the hundreds digit of p?
3
Suppose 0 = 4*o + 5*r - 81, 0 = o - r + 8 - 17. Suppose 0 = -o*n + 9*n + 2580. What is the hundreds digit of n?
5
What is the hundreds digit of -18 - (-36)/9 - -11337?
3
Let q = -3 + -2. Let g(z) = 4*z**2 - 4*z - 5. Let h(c) = -3*c**2 + 4*c + 4. Let k(j) = 3*g(j) + 2*h(j). What is the hundreds digit of k(q)?
1
What is the thousands digit of (-79836 + 1)*(21 + -39 + 17)?
9
Let v = 7757 + -6917. What is the hundreds digit of v?
8
Let m(b) = 3*b**3 + 2*b**2 + 4. Suppose -3*u - 8 = -5*u. Let x(q) = -2*q**3 - q**2 - 5. Let n(g) = u*x(g) + 3*m(g). What is the tens digit of n(5)?
6
What is the thousands digit of 8/(-92) - (-4203528)/552?
7
Let d be (2496/10)/((-9)/(-30)). Let c = 109 + d. Suppose 6*r = r + 4*v + c, 0 = r - v - 188. What is the tens digit of r?
8
Suppose -31*d + 30*d - 2*v = -852, 2*v = 3*d - 2580. Let h = -813 + d. What is the units digit of h?
5
Suppose 49*d - 45*d - 12 = 0. What is the tens digit of d*24/18 + 206?
1
Let n = 27881 + 7428. What is the thousands digit of n?
5
Let s(b) = 2*b - 8. Let u be s(5). Suppose -u*z - 5852 = -30*z. What is the tens digit of z?
0
Suppose 71*r = 2*f + 67*r - 15040, -5*f - 5*r = -37570. What is the tens digit of f?
1
Suppose 863*h - 18330681 = 466*h. What is the thousands digit of h?
6
Let o(x) = -2*x**3 - 13*x**2 - 11*x + 13. Let n be o(-10). Suppose -n = -10*g + 547. Let m = g - 99. What is the units digit of m?
8
What is the hundreds digit of (24/120 - (-33)/10) + 793194/12?
1
Let t = -15 + 20. Suppose -2*u + 411 = j + u, -3*j - t*u + 1253 = 0. What is the units digit of j?
6
Suppose 5*r - 51422 = -i, -295172 = -5*i + 2*r - 38224. What is the thousands digit of i?
1
Let q(g) = -g**3 + 4*g**2 - 5. Suppose 4*x + 20 = 2*r, -3*x - 2*x - 3 = 3*r. Let w be q(r). What is the units digit of ((-25)/w - 3) + 30?
2
Let q = 1731 + -1755. Let n be 2/4 + 219/(-6). What is the tens digit of (q/n)/(6/2295)?
5
Let w(g) = 118*g**2 + 411*g + 84. What is the thousands digit of w(-12)?
2
Let d be (1779/12)/((-13)/52). Let h = d - -1634. What is the thousands digit of h?
1
Let z = -2555 + 4555. Suppose 4*p = 4*j - z, -2386 + 362 = -4*j - 4*p. What is the tens digit of j?
0
Let p be (-1 + (-10)/(-3))*3. Suppose 4 = p*m - 3*m. What is the tens digit of m/(6/914) - (-1)/(-3)?
5
Let n = 35 - 41. What is the hundreds digit of 2/n + 1535/15?
1
Let p be (-16 + 18)*7/(-2). What is the hundreds digit of (p/((-63)/6))/(1/246)?
1
Suppose -2*q + 40 = -62. Suppose -2*t + 65 - q = 0. What is the tens digit of (42/(-8))/t*-4 - -66?
6
Suppose 25*r - 183840 + 2814 = -8651. What is the units digit of r?
5
Let c(j) = 667*j + 293. Let m(n) = 110*n + 49. Let k(p) = -6*c(p) + 34*m(p). What is the hundreds digit of k(-6)?
4
Suppose 2*q + 100 = 5*r - 2*q, 2*q = -5*r + 130. Let v be (-6)/4 - r/(-16). Suppose v = -4*l - 4*z + 304, 0 = 2*l + z + 2*z - 147. What is the units digit of l?
1
Let q be ((15 + 3)/(-2))/(3/(-8)). Suppose 3*b = 11*b - q. Suppose -5*r = 2*a - 171, -b*a + 3*r + 69 = -156. What is the units digit of a?
8
Let j(u) be the first derivative of 28*u**3 - 11*u**2/2 + 5*u - 95. What is the units digit of j(3)?
8
Suppose -7*x + 2*x - 2*u = -1917, u + 389 = x. What is the units digit of (x + 1)/(2/4) - -1?
3
Let k(r) = -3*r. Let a be k(-4). Suppose -a*y + 15*y = 6. Suppose -y*f + 27 = -209. What is the units digit of f?
8
Suppose 0 = 3*x - x + 72. Let y be (-20)/(3/(x/(-56)) - 4). What is the hundreds digit of ((-20)/y)/((-4)/(-1086))?
1
Let t be ((-38)/4)/(17/(-34)). Suppose -2*u = 3*m - 18, -u - 4*m + 0*m + t = 0. What is the units digit of 4*(-1 - 2 - (-14 + u))?
2
Suppose 5*i + i + 8304 = 0. Let p = i - -2308. Suppose 0*n - p = -7*n. What is the units digit of n?
2
What is the hundreds digit of 96/(-448) - (-2201795)/70?
4
What is the tens digit of (1578/(-3))/((-7)/126)?
6
Let u(h) = 386*h**3 + 2*h**2 - 1. Let d = 140 + -139. What is the hundreds digit of u(d)?
3
Suppose 51*u = 261286 + 140390. What is the units digit of u?
6
Suppose 11*a - 20*a = -2898. Suppose 2*r + a = 4*j, -r - 4*r - 25 = 0. What is the tens digit of j?
7
What is the tens digit of -6 + 25365 - (-50 + 32)?
7
What is the hundreds digit of 243/(-9)*76098/(-66)?
1
Suppose 3514126 = 187*y - 4227133 - 2039028. What is the ten thousands digit of y?
5
Suppose 54*g = 563055 - 106822 + 34087. What is the tens digit of g?
8
Let a be 13420/(-66)*12/(-10). Suppose 243*w = a*w - 1775. What is the thousands digit of w?
1
What is the thousands digit of (-28)/(56/(-4)) - -6468?
6
Suppose -172*k + 3612119 = 51*k - 4695077. What is the tens digit of k?
5
Let r(i) = -i**3 - i**2 + 2*i + 2. Let v be 0*(3 - 6)/(-3). Let n be r(v). What is the units digit of (-5004)/(-45) - n/10?
1
Let f be 2/5 + 0 + (-39)/(-15). Suppose 0 = -5*v + f*m + 1405, -7*m = 2*v - 6*m - 573. What is the hundreds digit of v?
2
Let f(u) = -8*u + u**3 - 5*u**2 - 4 + 4 + 5 + 17*u. What is the units digit of f(9)?
0
Let c(x) be the first derivative of -71*x**2/2 + 74*x + 159. What is the hundreds digit of c(-18)?
3
Let l(y) = y**2 + 21*y + 85. Let z be l(-16). Suppose z*r + 5*m = r + 4583, 4613 = 4*r - m. What is the thousands digit of r?
1
Let s(a) = -4254*a - 2226. What is the hundreds digit of s(-16)?
8
Let h = 8165 - 5140. Suppose -8*a = -h - 2375. What is the tens digit of a?
7
Suppose 2118*q - 1964*q = 8830822. What is the hundreds digit of q?
3
Let h(o) = 117*o + 9. Let s be h(1). What is the units digit of (-72)/s + ((-5566)/(-14) - 2)?
5
Let d(q) = -22*q + 122. Let t be 3880/(-184) + 4/46. What is the hundreds digit of d(t)?
5
Suppose -216 - 156 = 2*d. Let w = -20 - d. What is the units digit of w?
6
Suppose -s - 3*t = -258, 6*s - 472 = 4*s + 5*t. Let o = s - 182. What is the units digit of o?
4
Let q(f) = 12*f**2 + 2*f + 4. Let i be q(10). Suppose 275*l - i = 269*l. What is the units digit of l?
4
What is the thousands digit of (-26)/(-13) + 17 - -11822?
1
Suppose 5*s - 3*t - 61 = 0, 0*t + t = -2. Suppose 8*n - s*n + 12 = 0. Suppose 1 = 4*i + 3*m - 224, -n*i + 2*m = -250. What is the tens digit of i?
6
Let z(x) = x**2 - x + 5. Let i be z(4). Let h = i - -35. What is the units digit of -1 + (-3 - 0) + h?
8
Let g be 1*-1 + (7 - 5 - -4). Let u be 192*(1/g - (-16)/20). Suppose u = 5*l - 258. What is the units digit of l?
0
Let j(l) = l**3 + l**2 + 2*l + 7. Let m be j(-2). What is the units digit of (-213)/(m + 1 + -1)?
3
Let j(u) = 4*u - 15. Let n be j(5). Suppose 4*y = 4*h, 0 = n*y - 4*h - 1 - 1. Suppose -2*c - z = 3*c - 507, -5*c = y*z - 509. What is the hundreds digit of c?
1
What is the ten thousands digit of (1 - 2)/(22665/11333 + -2)?
1
Let s(a) = -3*a - 6. Let i be s(-5). Let u be (-5)/3*i*(-4 - -3). Suppose 0 = -5*d - u, -d + 5*d = -5*o + 1368. What is the hundreds digit of o?
2
Let d(f) = -f**3 + 6*f**2 + 5*f + 10. Let m be d(7). What is the tens digit of (-2)/m - 1209/(